- f. List the prime factors of h.
2, 3
Let q(i) = -i**2 + 14*i - 11. List the prime factors of q(6).
37
Suppose 2*m + 3*p = 73, -4*p + 136 = 4*m - 0*p. Let d = m - 12. Suppose d = 4*y - 23. List the prime factors of y.
2, 5
Let t(v) = v**3 + v**2 - 7*v - 13. List the prime factors of t(6).
197
Suppose -2*d + 36 = z - 0*d, 215 = 5*z + 3*d. What are the prime factors of z?
2, 23
Suppose -3*w + 1 = -k, -k - 7 = -4*w - 5. Let m = 7 + w. List the prime factors of m.
2
Let a(v) = -v**3 - 7*v**2 + 7*v - 4. Let m be a(-8). Suppose -p + 0*p = -2. Suppose -8 = p*d, o + m*d + 2 = -3. List the prime factors of o.
11
Let d = 39 + -35. List the prime factors of d.
2
What are the prime factors of 12/10*150/2?
2, 3, 5
Let w(h) = h**3 + 4*h**2 - 5*h - 4. Let t be w(-5). What are the prime factors of 15 + t/8*-2?
2
Suppose 8 = t - 2*s, -8 = 3*t - 0*s + 2*s. Suppose 0 = -2*x + 4 - t. List the prime factors of (32/40)/(x/30).
2, 3
Suppose 2*a + p = -1, p = 5*p - 20. Let h(l) be the third derivative of l**5/20 + l**4/8 - l**3/6 + l**2. List the prime factors of h(a).
17
Let g = -58 - -20. Let c = 55 + g. What are the prime factors of c?
17
Suppose 22 = 5*a - 173. Suppose -a = -4*l + l. List the prime factors of l.
13
Let o(n) = n**3 + 10*n**2 + 11*n + 8. What are the prime factors of o(-8)?
2, 3
List the prime factors of (-1)/(-5) - 195/(-25).
2
Suppose 3*g + p - 346 = 0, -3*g - p + 348 = 2*p. Suppose 15*j - 10*j - g = 0. List the prime factors of j.
23
Suppose 22*q = 17*q + 295. List the prime factors of q.
59
Suppose 4*p = 2*b - 98, -3*p = -0*b + 2*b - 77. List the prime factors of b.
43
Let m be 4*(2 + -3)/(-2). Let g = 2 - -1. Suppose -3*b + 4*i = g*i - 42, i - 23 = -m*b. List the prime factors of b.
13
Let n = -674 + 959. List the prime factors of n.
3, 5, 19
Suppose -5*n - 4*j = -15, n + 0*n - 3 = 2*j. Suppose -n*l = -l + 4. List the prime factors of 2 - (l - (-2)/(-1)).
2, 3
What are the prime factors of 48/5*160/48?
2
Suppose 2*v + h - 11 = -0*v, 5*h = 5*v - 5. Let g be (-2)/(-8) - (-139)/v. Let u = g - 23. List the prime factors of u.
2, 3
Suppose 3*i - 19 = 2*k, -4*i + 0*i + 4*k + 28 = 0. Suppose i*p = j, -3*j = -8*j - 25. List the prime factors of -3 - (p + -2) - -15.
3, 5
Suppose -a - 2*a + 54 = 0. What are the prime factors of a?
2, 3
Suppose -4*u + 8*u + h = 108, -4*h = u - 42. List the prime factors of u.
2, 13
Let i be -5 - -4 - (0 - -3). List the prime factors of (-22 - -10)*2/i.
2, 3
What are the prime factors of (-324)/(-8) + 3/6?
41
Let o(x) = -x**3 - 8*x**2 - 2*x + 2. List the prime factors of o(-8).
2, 3
Suppose -4*j = -3*j - 1. Suppose -j + 30 = 5*u - 3*n, -5*n - 23 = -2*u. Suppose 2*r + 3*w = 2 - 1, 0 = -5*r - u*w + 6. List the prime factors of r.
2
Let b = -4 + 9. Suppose -b*j + 126 = 31. What are the prime factors of j?
19
Suppose 0 = 2*z - 27 - 139. Let h = -46 + z. What are the prime factors of h?
37
Let v(f) = f**3 - 10*f**2 - 11*f + 4. Let u be v(11). List the prime factors of u/12 - 74/(-3).
5
Let n(p) = -p**3 + 5*p**2 + 2*p - 5. Let s be n(-3). Suppose -s = -3*g + 32. What are the prime factors of g?
31
Let g = 0 - -2. Suppose 80 = g*o + 2*o. Suppose -28 = -4*j + o. What are the prime factors of j?
2, 3
Let m = -111 - -201. Suppose 5*a = m + 235. Suppose 10*b = 5*b + a. List the prime factors of b.
13
Let u be (-530)/(-1)*(7 - 6). Let y be u/7 - (-4)/14. Suppose -y = -3*v - 25. What are the prime factors of v?
17
Suppose -4*h + 122 = -2*o, 0*o + o - 71 = -2*h. List the prime factors of h + -1 + 1 + -2.
31
Suppose 0 = 4*j + j - 10. Suppose 2*b - 10 = -j. Suppose 9 = 7*o - b*o. What are the prime factors of o?
3
Let t = -135 + 258. List the prime factors of t.
3, 41
Suppose 5*y - 3 = -v + 10, 0 = -4*v + y + 94. List the prime factors of v.
23
Suppose -4*r + 0*r = -136. What are the prime factors of r?
2, 17
Suppose -3*k - 68 - 52 = -x, -5*k - 199 = -2*x. Let s = k - -59. List the prime factors of s.
2, 3
Suppose u + a = 4*u - 87, -u - 3*a + 29 = 0. What are the prime factors of u?
29
Let n be 12/(-2)*(4 - 0). List the prime factors of 30/(-4)*32/n.
2, 5
Let x = 12 + -6. Suppose -3*o + 6 = -q, -3*q - o + x - 4 = 0. Suppose -y + 5*a - 4*a + 9 = q, 4*a = -16. What are the prime factors of y?
5
Let g = -10 + 14. Suppose 0 = -g*m + 8. Suppose -5*a - m*r - r + 12 = 0, -5*a + r + 16 = 0. List the prime factors of a.
3
Suppose -10*x + 8*x + 8 = 0. List the prime factors of 54/x + 1/2.
2, 7
Suppose -1222 = -6*z + 3*z + 2*a, 4*a - 2000 = -5*z. List the prime factors of z.
2, 101
Suppose -36 = -f - f. List the prime factors of f.
2, 3
Let j = 4 - 5. Let q = j - -22. What are the prime factors of q?
3, 7
Let g(p) = p**2 - 11*p + 5. Let k be g(12). Let l = k - 11. What are the prime factors of l?
2, 3
Let k be (3 - 7)/((-1)/7). Let h = k + -19. Let g(p) = -p**3 + 8*p**2 + 9*p + 3. What are the prime factors of g(h)?
3
Let u = -12 - -27. List the prime factors of u.
3, 5
Let n = 53 + -32. Suppose -n + 4 = -p. What are the prime factors of p?
17
Let a = -6 - -9. Let u(f) = -3*f**2 + 2*f + 2 - 3 + 2*f**a - f. What are the prime factors of u(2)?
5
Let n = 4 + 2. Let u(r) = r**2 - 5*r - 8. Let i be u(n). List the prime factors of (i + 1)/(3/(-12)).
2
List the prime factors of (-256)/16*(0 - 1).
2
Let l = 103 - 57. What are the prime factors of l?
2, 23
Suppose -3*g + 0*z + 228 = 3*z, 3*g + 4*z = 233. What are the prime factors of g?
71
Let p(u) = -u**3 - 5*u**2 - 6. Let c be p(-5). Let a be 5*(-39)/30*c. List the prime factors of 6/(-9)*a/(-2).
13
Let t be 2 - 1 - 0/(-2). Let b = 6 - t. Suppose -2 - 1 = -n + 3*j, b*n = -2*j + 32. What are the prime factors of n?
2, 3
Suppose -6*m + 5*m + 4 = 0. Suppose -25 = -m*q - 5. List the prime factors of q.
5
What are the prime factors of (-552)/(2 + -4) + (-2)/(-2)?
277
Let w(d) be the third derivative of -5*d**4/12 + d**3/2 - 6*d**2. What are the prime factors of w(-1)?
13
Suppose 3*l - 354 = -4*f, 0*l + 3*f = -4*l + 472. What are the prime factors of l?
2, 59
Let o = -778 + 1107. What are the prime factors of o?
7, 47
Let g(j) = 10*j - 3. What are the prime factors of g(6)?
3, 19
What are the prime factors of -4*(805/(-20))/7?
23
Suppose -2*g - 2*g = -16, 0 = -b + 5*g - 16. Let a be b/5*(0 - -5). Suppose 27 = a*q - 3*s, -4*q = q - 5*s - 30. What are the prime factors of q?
3
Suppose 4*n - 255 = 317. List the prime factors of n.
11, 13
Suppose -5*o + 0*o + 30 = 0. Suppose 4*h + o*p - 38 = p, -5*p - 18 = -4*h. What are the prime factors of h?
7
Let i(j) = 20*j - 21. What are the prime factors of i(5)?
79
Suppose -q = -4*q + k + 72, -4*k = q - 37. List the prime factors of q.
5
Let w(a) = a**2 - 1. List the prime factors of w(4).
3, 5
Let n be 3 + 1 + -2 + 3. Suppose n*a + 25 + 60 = 0. Let q = -11 - a. What are the prime factors of q?
2, 3
Let w = 19 - 14. Suppose -b + 18 = -w*l, -l = -4*l. List the prime factors of b.
2, 3
Let w(j) = 4*j - 7. Let t be w(10). List the prime factors of 6*1*t/6.
3, 11
Let c(s) = 3 + 9 - s - 3. What are the prime factors of c(4)?
5
Let o be (-3)/((-1)/((-4)/(-6))). Let g(h) = 2*h**2 - 4*h. Let b be g(3). Suppose 7*m - 4 = 3*m - o*d, 0 = -2*m - 3*d - b. What are the prime factors of m?
3
List the prime factors of -7*(-4 + 3 + 0).
7
Let a(h) = -2*h**3 + h**2 + h + 1. Let f be (9/6)/3*-2. Let w be (-1)/f + -1 - 1. List the prime factors of a(w).
3
Let f be 2 + -1 + 442/(-13). Let q = f - -55. List the prime factors of q.
2, 11
Suppose -7*q + 524 = -5*q - 4*m, 4*m = -3*q + 836. List the prime factors of q.
2, 17
Suppose 75 = 5*o - 2*o. List the prime factors of o.
5
Let b be 10/(-3)*99/(-2). Suppose 0 = -5*u + b + 15. Suppose -3*f - u = -6*f. List the prime factors of f.
2, 3
Let t = 77 - 65. What are the prime factors of t?
2, 3
Let r(k) = -5 - 10 - 7*k**3 - 2*k + 14. What are the prime factors of r(-1)?
2
Suppose 3*k - 40 - 53 = 0. List the prime factors of k.
31
What are the prime factors of -3*335/(-75)*5?
67
Suppose -2*r + 372 = -0*r. Let l = r - 71. Suppose 3*k - 52 - 9 = w, w = -5*k + l. What are the prime factors of k?
2, 11
Let q be 1*(3 - 3 - -1). List the prime factors of -2 + -2 - (-59)/q.
5, 11
Suppose 0 = 2*s + d - 6*d - 168, 2*s = -4*d + 204. Suppose -19 = -3*v - s. Let x = v - -37. List the prime factors of x.
2, 3
Let j(d) = -d**3 - 4*d**2 - 4*d - 3. Let q be j(-5)